ime number?
False
Is 129576647 a prime number?
True
Is 369817433 a composite number?
False
Is 1486725341 composite?
False
Is 5280865549 prime?
True
Is 5045908943 prime?
True
Is 37787569 prime?
False
Is 35624873983 a prime number?
True
Is 28467658783 prime?
True
Is 20224087973 prime?
False
Is 132496731727 composite?
True
Is 138313885321 a prime number?
True
Is 999972167 prime?
True
Is 5299748635 composite?
True
Is 135513074353 a prime number?
False
Is 798894709 prime?
True
Is 2605052479 a prime number?
True
Is 12402357029 prime?
True
Is 41206847387 prime?
False
Is 663296941 prime?
True
Is 1772945279 composite?
True
Is 5915250499 a prime number?
False
Is 81418067363 a prime number?
False
Is 1756206137 composite?
True
Is 2652671881 a prime number?
False
Is 1336172279 prime?
False
Is 287378839 a composite number?
True
Is 347132369 a prime number?
True
Is 1356741631 composite?
True
Is 62536531571 prime?
False
Is 8687767899 a composite number?
True
Is 11999617463 a composite number?
True
Is 9166834751 a composite number?
False
Is 21926746687 a composite number?
True
Is 16374352259 a composite number?
False
Is 4551376639 a prime number?
True
Is 55477936079 prime?
False
Is 1320327971 prime?
True
Is 6278682713 a prime number?
True
Is 2132157113 a composite number?
True
Is 20415713 a prime number?
True
Is 2019257 a composite number?
False
Is 214133753 a composite number?
False
Is 24104447669 prime?
True
Is 3879488233 composite?
True
Is 5607238049 composite?
True
Is 24429949881 prime?
False
Is 1869633283 a composite number?
True
Is 66402235477 a prime number?
True
Is 15413682803 prime?
False
Is 4214459231 prime?
False
Is 1809106063 a prime number?
True
Is 1134251621 a composite number?
False
Is 4823137282 a prime number?
False
Is 1253796419 prime?
True
Is 420344137 prime?
False
Is 14039298019 composite?
True
Is 418802471 prime?
True
Is 114373910803 composite?
False
Is 321520079 composite?
True
Is 1297316873 prime?
True
Is 130665113 a composite number?
False
Is 630071341 a prime number?
True
Is 1740780049 a prime number?
False
Is 430111477 a prime number?
False
Is 150420157 composite?
False
Is 1830339722 a prime number?
False
Is 11454944617 a composite number?
False
Is 854184355 composite?
True
Is 674250253 a prime number?
True
Is 8419880321 prime?
False
Is 31850921 a prime number?
True
Is 21488171 a composite number?
False
Is 1708407187 a prime number?
True
Is 61224788501 prime?
False
Is 33256490459 composite?
False
Is 31559917507 composite?
False
Is 849347647 a composite number?
False
Is 14164088857 composite?
False
Is 190804947 prime?
False
Is 77042045809 a prime number?
False
Is 58717357643 prime?
False
Is 12983039357 a composite number?
False
Is 9986989834 prime?
False
Is 51899848549 composite?
False
Is 357160561 prime?
True
Is 187065100493 a prime number?
True
Is 2091788999 composite?
True
Is 233418082 prime?
False
Is 451015945 a prime number?
False
Is 13648930169 composite?
True
Is 33838573 a prime number?
False
Is 104341073731 prime?
False
Is 21632779673 a prime number?
False
Is 5489210381 a prime number?
True
Is 148475158642 prime?
False
Is 2787295787 composite?
False
Is 1678066823 composite?
True
Is 2762536709 a prime number?
False
Is 8869095089 a composite number?
False
Is 8312568757 composite?
False
Is 58022777 a composite number?
False
Is 342232577 prime?
True
Is 5396161861 a prime number?
False
Is 11413627783 a composite number?
False
Is 7169242231 prime?
False
Is 40569269803 prime?
False
Is 14081656177 composite?
True
Is 709368397 a composite number?
True
Is 2974574431 prime?
False
Is 504230962 a prime number?
False
Is 1133955073 a prime number?
True
Is 75325842539 a prime number?
False
Is 12033187759 a composite number?
False
Is 9589387037 prime?
False
Is 1115797597 a prime number?
False
Is 1216577471 prime?
True
Is 89789682813 a composite number?
True
Is 2766833357 a composite number?
False
Is 9587864471 prime?
True
Is 151446821 prime?
True
Is 20304852727 a prime number?
True
Is 1785478115 composite?
True
Is 11854311523 composite?
True
Is 34014351799 a prime number?
True
Is 638795089 a composite number?
True
Is 23190395593 a prime number?
True
Is 971479783 prime?
True
Is 16166714 a composite number?
True
Is 413178049891 a composite number?
False
Is 358433657 a composite number?
False
Is 15114857 composite?
False
Is 28201499023 composite?
False
Is 1186110907 a prime number?
False
Is 84424096181 prime?
True
Is 210667309 composite?
False
Is 404348759 composite?
True
Is 10662185629 composite?
False
Is 724050715 a prime number?
False
Is 50936723077 a composite number?
True
Is 115295929 prime?
False
Is 2309753723 composite?
True
Is 59577275299 composite?
False
Is 755718059 a composite number?
False
Is 8152020923 a prime number?
False
Is 4849425131 a composite number?
False
Is 53898617 composite?
True
Is 99539333 a prime number?
True
Is 450135947 a prime number?
True
Is 251879777 a prime number?
True
Is 11112141643 a prime number?
True
Is 34088995249 prime?
False
Is 87685659077 a composite number?
False
Is 166911859 prime?
True
Is 46858778683 a composite number?
False
Is 15292734577 a composite number?
False
Is 41656144843 a prime number?
True
Is 1220398379 a prime number?
True
Is 130273785757 composite?
True
Is 90356535799 composite?
True
Is 407623627 a composite number?
True
Is 3428316589 composite?
True
Is 562225553 a composite number?
False
Is 840548519 composite?
False
Is 41650463 a composite number?
True
Is 8325709003 composite?
True
Is 321709624271 prime?
False
Is 1299504673 prime?
False
Is 566331823 a composite number?
True
Is 70031071 composite?
True
Is 3994698769 a composite number?
False
Is 14311272487 a composite number?
False
Is 1443813563 a prime number?
True
Is 24533337589 composite?
False
Is 1866620542 prime?
False
Is 2208673499 a prime number?
True
Is 16787413 a composite number?
True
Is 907268113 a composite number?
False
Is 418708027 a prime number?
True
Is 197102107 composite?
False
Is 225763929473 prime?
True
Is 1364756251 composite?
False
Is 6745169633 prime?
False
Is 110009466031 a prime number?
True
Is 357255280615 a composite number?
True
Is 9316884431 composite?
False
Is 957932491 prime?
True
Is 2223358369 a composite number?
False
Is 110461361313 composite?
True
Is 193589861 a prime number?
False
Is 2765564401 a composite number?
False
Is 9678313259 composite?
False
Is 43692841 prime?
True
Is 7683667529 prime?
True
Is 7128277771 a prime number?
False
Is 948993751 a composite number?
True
Is 197173457674 a composite number?
True
Is 20740433537 composite?
False
Is 512632451 prime?
False
Is 21541321211 a prime number?
True
Is 10832918977 a composite number?
False
Is 5611043887 composite?
False
Is 435892663 a composite number?
True
Is 603449807 a prime number?
True
Is 1335692513 a composite number?
False
Is 7078316257 composite?
True
Is 27742481551 prime?
False
Is 18769931221 a prime number?
True
Is 81450371 a prime number?
False
Is 5730765895 composite?
True
Is 9128616337 composite?
False
Is 8673442599 composite?
True
Is 13517048591 a prime number?
True
Is 19559891431 composite?
False
Is 6533174657 prime?
True
Is 706139647 composite?
True
Is 3664645219 prime?
False
Is 6127731446 composite?
True
Is 1543505737 composite?
True
Is 3751564997 a prime number?
True
Is 17770364219 a prime number?
True
Is 1494332197 prime?
False
Is 2360262383 a prime number?
True
Is 8265695897 prime?
False
Is 7935657539 a prime number?
True
Is 1082896487 composite?
False
Is 6226466989 a composite number?
False
Is 32196984461 a composite number?
False
Is 3355172729 composite?
False
Is 57979422359 a composite number?
False
Is 187649931907 a prime number?
False
Is 362858009 a composite number?
False
Is 36807090427 prime?
True
Is 510792091 composite?
False
Is 10087196251 a composite number?
True
Is 2948987009 a composite number?
False
Is 6627444773 prime?
False
Is 118115950039 prime?
True
Is 5955517819 composite?
True
Is 922171489 composite?
False
Is 126004798087 composite?
True
Is 6619475839 prime?
False
Is 3301670663 composite?
False
Is 60376526627 a composite number?
False
Is 22755000869 a prime number?
True
Is 7380239222 prime?
False
Is 201801569 a composite number?
False
Is 382895987 prime?
True
Is 449825833 composite?
False
Is 2411564671 a 